9 and 27.
27
Calculate the greatest common factor of 2 and 435996.
2
What is the greatest common divisor of 9499 and 2047?
23
Calculate the highest common divisor of 50 and 87340.
10
Calculate the greatest common divisor of 242462 and 103.
103
What is the highest common factor of 885 and 452589?
177
Calculate the greatest common divisor of 4755 and 11729.
317
Calculate the highest common divisor of 61 and 153354.
61
What is the greatest common divisor of 244338 and 10422?
1158
What is the greatest common factor of 581 and 1869409?
83
Calculate the greatest common factor of 365400 and 120.
120
What is the greatest common divisor of 11123 and 833?
49
What is the highest common divisor of 5684 and 1225?
49
What is the highest common divisor of 78 and 138034?
26
Calculate the highest common factor of 5182 and 2.
2
What is the highest common divisor of 780 and 260910?
390
What is the greatest common factor of 2542 and 2214?
82
What is the greatest common divisor of 3925544 and 84?
28
What is the highest common factor of 32164 and 344?
172
What is the highest common factor of 42375 and 1875?
375
Calculate the highest common factor of 588 and 54341.
49
What is the greatest common factor of 1271028 and 72?
12
Calculate the highest common factor of 149482 and 496.
62
What is the highest common divisor of 284416 and 512?
256
Calculate the greatest common factor of 5090 and 90.
10
Calculate the highest common divisor of 39780 and 6162.
78
What is the highest common divisor of 5661 and 8103?
111
What is the highest common divisor of 68250 and 130?
130
Calculate the greatest common factor of 470 and 240.
10
Calculate the greatest common factor of 202250 and 2000.
250
Calculate the highest common divisor of 8673 and 1947.
177
What is the highest common factor of 1594413 and 613?
613
Calculate the highest common divisor of 444 and 22348.
148
Calculate the greatest common divisor of 476784 and 504.
504
What is the highest common divisor of 532 and 29412?
76
What is the greatest common factor of 300665 and 10?
5
Calculate the greatest common factor of 544 and 586568.
136
What is the greatest common factor of 148 and 14689?
37
Calculate the highest common divisor of 31296 and 576.
192
Calculate the highest common factor of 676 and 362.
2
Calculate the greatest common divisor of 22638 and 1254.
66
What is the highest common factor of 5652 and 144?
36
What is the greatest common factor of 136 and 84354?
34
What is the greatest common divisor of 1430 and 53625?
715
What is the highest common factor of 8 and 620344?
8
What is the greatest common divisor of 56976 and 90?
6
What is the greatest common factor of 174403 and 51?
17
What is the highest common divisor of 377680 and 80?
80
Calculate the highest common factor of 9900 and 88.
44
Calculate the greatest common factor of 10507 and 560189.
553
Calculate the greatest common factor of 94067 and 1526.
109
What is the greatest common divisor of 75138 and 54?
6
What is the greatest common divisor of 86519 and 4579?
241
Calculate the greatest common factor of 147 and 4039.
7
What is the highest common divisor of 842686 and 208?
26
What is the greatest common divisor of 32782 and 1850?
74
What is the highest common factor of 148887 and 639?
639
Calculate the greatest common divisor of 995 and 498296.
199
Calculate the greatest common divisor of 2559010 and 70.
10
Calculate the highest common factor of 150 and 663210.
30
What is the greatest common factor of 848 and 1705328?
848
What is the highest common divisor of 17034 and 48?
6
What is the highest common factor of 7 and 2919?
7
Calculate the greatest common factor of 415103 and 962.
481
What is the highest common divisor of 4413 and 6?
3
Calculate the greatest common factor of 3978 and 470951.
221
Calculate the highest common factor of 137480 and 1240.
40
What is the highest common factor of 120940 and 60?
20
What is the greatest common divisor of 4609 and 3949?
11
Calculate the highest common divisor of 6164 and 15276.
268
Calculate the highest common divisor of 213671 and 73.
73
What is the greatest common factor of 51 and 305541?
51
What is the greatest common divisor of 9301611 and 33?
33
Calculate the highest common factor of 595 and 11509.
17
Calculate the highest common factor of 135828 and 3696.
924
Calculate the highest common factor of 36133 and 46.
23
What is the highest common divisor of 683 and 7?
1
What is the highest common factor of 588 and 6872740?
196
What is the highest common divisor of 29601 and 23?
23
Calculate the highest common factor of 13064 and 21016.
568
What is the highest common factor of 2849 and 130647?
407
Calculate the highest common divisor of 34092 and 1152.
36
What is the greatest common divisor of 1862 and 46417?
133
What is the greatest common factor of 248 and 30938?
62
What is the highest common divisor of 14895 and 90?
45
What is the greatest common divisor of 4282613 and 271?
271
What is the highest common factor of 33 and 493669?
11
Calculate the greatest common factor of 1700 and 1520650.
850
What is the greatest common divisor of 48286 and 112?
14
Calculate the highest common divisor of 643110 and 312.
78
Calculate the greatest common factor of 1280 and 25640.
40
What is the highest common factor of 39534 and 66?
66
What is the greatest common divisor of 413505 and 3645?
405
What is the greatest common divisor of 11120 and 7055?
5
Calculate the greatest common divisor of 2315094 and 102.
102
Calculate the greatest common factor of 1052 and 6932.
4
What is the greatest common factor of 372190 and 6370?
910
What is the highest common divisor of 2523 and 899?
29
Calculate the greatest common factor of 27 and 241.
1
Calculate the greatest common factor of 104 and 1565642.
26
What is the greatest common divisor of 1603 and 1428?
7
What is the greatest common divisor of 183 and 60329?
61
What is the highest common factor of 1120106 and 3484?
1742
Calculate the highest common divisor of 160 and 49120.
160
Calculate the highest common factor of 7752 and 71364.
228
What is the highest common factor of 163090 and 3760?
470
What is the highest common divisor of 32 and 1076?
4
What is the highest common factor of 645 and 19845?
15
What is the highest common factor of 205298 and 46?
46
Calculate the highest common divisor of 60776 and 65056.
856
Calculate the greatest common factor of 7400 and 360.
40
What is the greatest common factor of 1035 and 332580?
345
What is the greatest common divisor of 24 and 771448?
8
What is the highest common divisor of 54 and 128?
2
What is the greatest common factor of 79 and 316553?
79
Calculate the greatest common factor of 4992 and 2028.
156
What is the highest common factor of 1811168 and 56?
8
What is the greatest common divisor of 92590 and 1410?
470
Calculate the highest common divisor of 1623 and 6866913.
1623
What is the greatest common divisor of 45 and 30213?
9
What is the highest common factor of 35125 and 4496?
281
What is the highest common divisor of 7429980 and 60?
60
Calculate the highest common divisor of 241681 and 127.
127
Calculate the greatest common divisor of 14355 and 95040.
495
Calculate the highest common divisor of 7280 and 51856.
112
Calculate the highest common divisor of 54 and 6534.
54
Calculate the highest common factor of 6500 and 10660.
260
What is the highest common divisor of 26 and 18196?
2
What is the greatest common divisor of 9 and 721962?
9
What is the highest common factor of 246198 and 296?
74
Calculate the highest common divisor of 383162 and 65.
13
What is the highest common factor of 2961 and 2673?
9
Calculate the greatest common factor of 1323616 and 2736.
304
What is the highest common divisor of 650 and 1885?
65
What is the greatest common factor of 18 and 131378?
2
Calculate the highest common factor of 84256 and 12.
4
What is the highest common divisor of 3844269 and 78?
39
What is the highest common factor of 448 and 3712?
64
Calculate the greatest common factor of 6532 and 138.
46
Calculate the greatest common factor of 3 and 3309.
3
What is the highest common factor of 46760 and 3674?
334
Calculate the highest common divisor of 32542 and 114818.
614
What is the highest common divisor of 1332 and 293373?
333
Calculate the highest common facto